0*a**5 - 1/120*a**6 - 13/24*a**4 + 1 + 28*a**2 + 0*a. Determine g(12).
-29
Let r(b) = -5*b**3 - 2*b**2 + 2*b. Let i be 156/96 + (-6)/(-16). Suppose i*l + 3*j = -13, l - 6*j = -j + 13. What is r(l)?
28
Let o(z) = -5*z - 3. Let a(i) = -25*i - 16. Let h(g) = -g + 4. Let s be h(6). Let b(q) = s*a(q) + 11*o(q). Let c = 695370 + -695369. What is b(c)?
-6
Let j = 7655 + -7652. Let d(k) be the third derivative of -k**6/120 + k**5/15 - k**4/8 - k**3/2 - 6*k**2. Give d(j).
-3
Let r(h) = -h**2 + 27*h - 70. Let y be r(24). Let f(i) = 3*i - 5*i**2 - 6*i - 3 - i + 4*i**y - 1. Give f(-4).
-4
Let r(k) be the second derivative of k**5/20 - 15*k**4/4 - 22*k**3/3 - 93*k**2/2 - 3401*k. Determine r(46).
-1
Let y(t) = -24*t + 777. Let i(h) = 16*h - 511. Let f(c) = 8*i(c) + 5*y(c). What is f(26)?
5
Let y(h) = -3*h**2 + 7*h + 13. Let k(d) = 2*d**2 + d - 1. Let r(f) = 2*k(f) + y(f). Give r(-3).
-7
Suppose 0 = -s - 3 + 6. Suppose -s*h - 14 = 2*h + 2*d, h + 4*d - 8 = 0. Let g(i) = 391*i - 10. Let r(o) = 147*o - 3. Let w(f) = 3*g(f) - 8*r(f). Calculate w(h).
6
Let m = -1391 + 1394. Let l(n) be the first derivative of n**5/20 - n**4/4 - n**3/6 - 3*n**2/2 + 4*n + 4. Let a(z) be the first derivative of l(z). Give a(m).
-6
Let b(a) = 6*a - 6 + 690*a**2 + a**3 - 661*a**2 - 23*a**2. Suppose -52 = -3*p - 7. Suppose -p = -t + 4*t. Give b(t).
-11
Let o(m) = 24*m + 8*m**3 + 133 + 19*m**3 - 7*m**3 - 10*m**3 - 9*m**3 + 10*m**2. Give o(-9).
-2
Let t(d) = -d**3 + 8*d**2 + 3. Let m(j) = -j**2 + 13*j + 12. Let a be m(15). Let p = -14 - a. Suppose -p*x = -3*q + 4 - 39, 4*x - 4*q = 36. Calculate t(x).
3
Let x = 63 - 61. Let j(s) = 2*s**2 + 5*s**x - 28*s - s**3 + 27*s - 3*s**2. Suppose 0 = 7*f - 3*f + d - 20, -2*d - 8 = -4*f. Determine j(f).
-4
Suppose -3*f + 5*f + 8 = 0. Let g(y) = -5*y**3 - y**2 + y + 5. Let o(l) = 14*l**3 - 3*l**2 - 4*l - 16. Let i(u) = 3*g(u) + o(u). What is i(f)?
-29
Let a(y) = -229*y - 12. Let p(t) = 324*t + 18. Let j(k) = -7*a(k) - 5*p(k). Calculate j(-2).
28
Let a = -29 + 31. Let c(o) = 2*o - 2. Let t be c(a). Suppose -4*k - 18 = -t. Let l(z) = z + 4. Determine l(k).
0
Suppose 19*l - 14*l - 2*v = -3, -3*v + 15 = 3*l. Let q(i) be the second derivative of 5*i**3/3 - i**2/2 - 10*i + 4. Determine q(l).
9
Let o = 122 - 123. Let h be (o - 9)*1*(-2)/(-4). Let r(n) = n + 3. Calculate r(h).
-2
Let d be (-6)/9*9/(-1). Let w(t) = -2*t + 7. Suppose a - 1 = 1. Let g(s) = 10*s - 36. Let y(f) = a*g(f) + 11*w(f). Calculate y(d).
-7
Let a(w) = w**3 + 14*w**2 - 2*w + 18. Let s be 488/854*(-98)/4. Give a(s).
46
Let v(r) = -19*r + 14. Let a(u) = 6*u - 2. Let k(o) = 3*a(o) + v(o). Give k(0).
8
Suppose -3*t + 15 = 2*s - 0*t, -s + 2*t - 3 = 0. Let n be (-225)/27 - (-1)/s. Let z(d) be the second derivative of d**3/3 + 6*d**2 + 83*d. Give z(n).
-4
Let x(t) be the first derivative of t**3/3 - 19*t**2/2 - 23*t - 811. Determine x(20).
-3
Let o(d) = 13*d**2 + d. Let j(f) = 2*f**3 + 17*f**2 - 7*f - 6. Let k be j(-8). Let q = k - 115. Give o(q).
12
Let u(p) = 450 + 36*p - 30*p - 450. What is u(-12)?
-72
Let p = 0 - -5. Let h be 11 + -6 - 3/1. Let x(q) = -8 - 7*q + h*q**2 + 8. Calculate x(p).
15
Let q(p) = 3*p**2 - 73*p + 95. Let h = -30481 + 30504. Give q(h).
3
Let m(d) = 5*d + 4. Let r(t) = -6*t - 3. Let q(a) = -7*m(a) - 6*r(a). Let x(v) = -67*v - 665. Let i be x(-10). Determine q(i).
-5
Let h(g) = g**3 + 3*g**2 + 8. Suppose -7*y = -2*d - 28, 4 = y - 13*d + 17*d. Calculate h(y).
120
Let m(d) = -5*d - 119. Let y be -4 - (-130)/10 - 252/6. Determine m(y).
46
Suppose x + 5 = -c, -3*x + 18*c - 23*c - 25 = 0. Let o(w) = 14*w**3 + 20*w**2 - 26. Let p(a) = 5*a**3 + 7*a**2 - 9. Let g(q) = 6*o(q) - 17*p(q). What is g(x)?
-3
Let r(i) = 14*i - 1. Let b(p) = -65*p + 34. Let x(c) = b(c) + 5*r(c). Calculate x(6).
59
Let g(n) = 2*n**2 + 14*n - 34. Let d be g(2). Let f(a) be the first derivative of -6*a - 4*a**d - 1/3*a**3 - 9. Determine f(-6).
6
Let k = 0 - 6. Suppose 5*y = -0*y + 4*u + 125, 5*u + 109 = 4*y. Let i(n) = -22*n - y*n - 23*n + 67*n + 2. What is i(k)?
-4
Let b(g) = -g**2 + 2*g - 3. Let w = -75 - -50. Let y = w + 11. Let j be 5 + (0 - 2) - (-14)/y. What is b(j)?
-3
Let d(c) be the first derivative of -c**3 - 1/4*c**4 + 2*c**2 - 136 - 3*c. Give d(-4).
-3
Let d(y) = y**3 - 27*y**2 - 26*y - 75. Suppose -168 = 4*s - 239*s + 6412. Determine d(s).
-19
Let o(g) be the first derivative of g**4/4 - 7*g**3/3 + 5*g**2/2 - 33*g + 10. Let t be o(7). Let m(r) = -2 + 0*r**2 + r**t - 414*r + 412*r. Determine m(2).
-2
Let q(i) be the first derivative of -17*i**2/2 - 3*i - 2425. Give q(-1).
14
Let a(i) = -7*i**3 - 25*i**2 - 91*i - 79. Let o(n) = -6*n**3 - 26*n**2 - 86*n - 79. Let z(j) = 5*a(j) - 6*o(j). Give z(-29).
-8
Let l(a) = a**3 + 4*a**2 + 2*a - 2. Let n = 3446 - 3449. What is l(n)?
1
Let t(h) = -5*h - 24. Let o be t(-8). Let d be ((-3 + 4)*o)/2. Let l(k) = 238 - k - 238. Give l(d).
-8
Let h(f) be the second derivative of f**3/6 + 9*f**2/2 + 4316*f. Calculate h(-14).
-5
Let n(o) = 94*o**2 - 2*o - 1. Suppose -5*b - 19 = -k, 85*k + 6 = 87*k - 2*b. Determine n(k).
95
Let f(q) = q**3 + 11*q**2 + 9*q - 6. Let a(l) = -86*l**3 - 3*l**2 - 7*l - 11. Let u be a(-2). Suppose 680*o = u*o - 10. What is f(o)?
4
Let b(x) = -x**2 - 7*x + 1. Let l be -12*(-22)/165*-5. Give b(l).
-7
Suppose 0 = -2*v - 3*a, a = 3*v - 3*a + 17. Let u = -17 - -9. Let f be 4 + (v + -4 + u - 1). Let d(k) = -k - 14. Determine d(f).
-2
Let x(d) = d**2 + 12*d + d + 12*d - 26 + 169. Give x(-9).
-1
Let j(q) be the third derivative of -q**6/120 + q**5/30 - q**4/24 + 10*q**2. Suppose 4*b = -2*u - 8, 0*b - 4*b = 12. Suppose -4*t = -6 + u. Give j(t).
0
Let v(b) be the first derivative of -b**4/4 + 3*b**2/2 + 2*b - 24. Let l be (10*(-2)/(-4))/(40/(-16)). Determine v(l).
4
Let j(u) = u**2 - 17*u + 44. Let s be j(3). Let o(q) = -152*q**2 + 434*q**2 - 144*q**2 + 1 - 147*q**s. Determine o(-1).
-8
Let m(r) = 12 - 17*r - r + 17 + 8. Give m(5).
-53
Let q(n) = 4*n - n**2 + 336 + 2*n**2 - 328 - 4*n - n. Suppose -2*j + 20 = 3*j. Suppose -j*r = -9*r. Give q(r).
8
Suppose 3*w + 5*n - 61 = 0, 5*w - 2*n - 89 - 85 = 0. Let t(a) = -3*a + 80. Calculate t(w).
-16
Let g(j) = 2*j**3 + 9*j**2 + 25*j - 33. Let y(l) = -3*l**3 - 8*l**2 - 28*l + 35. Let w(o) = 4*g(o) + 3*y(o). Determine w(13).
12
Let s(m) = -m + 7*m**3 - 31266 + 31266 + m**2. Suppose 0 = -5*n + 4 + 6. Suppose -o - 2 = 3*c, -5*c = -n*o - c + 6. Give s(o).
7
Let r(v) = v**3 + 12*v**2 - 19*v - 72. Let x = -20660 + 20647. Calculate r(x).
6
Let m(s) be the third derivative of s**5/120 - 19*s**3/6 + 3*s**2. Let d(g) be the first derivative of m(g). Let f be (-15)/12 - 3/(-12) - 2. Calculate d(f).
-3
Let p(t) be the third derivative of 0*t - 1/3*t**4 + 1/60*t**5 + 3/2*t**3 - 3 - 5*t**2. Determine p(7).
2
Let k = -12 - -1. Let u(i) = 388*i - 1217*i - i**2 - 2 + 414*i + 403*i. Give u(k).
9
Let v(g) be the third derivative of -g**4/24 - g**3/3 - 19*g**2 - 10. Let a = -2 - 10. Let q be 2/(-4)*a/1. Calculate v(q).
-8
Suppose -2509*q - 4 = -2507*q. Let l(s) = -8*s**3. What is l(q)?
64
Let y(g) = 6*g + 11. Suppose 2*j = -3*p - 7, j + 5 - 1 = -2*p. Let l be y(j). Let i(a) = 7*a**2 + a + 1. Give i(l).
7
Let h(p) = -p**3 - 4*p**2 + 6*p + 3. Let n be h(-5). Let u be 4 - 21/(-6)*n. Let o(z) = 2*z**2 - 2 - 4*z + 2*z + 3*z. Calculate o(u).
13
Let z(d) = -d**2 + 17*d + 1. Suppose -8 = 2*a, 5*a = -71*n + 76*n - 85. Calculate z(n).
53
Suppose 3*t + t = -32. Let k(g) be the third derivative of -g**4/24 - g**3 - 4*g**2 - 2*g + 171. Determine k(t).
2
Let n(t) = -t**2 - 12*t - 26. Let s = -2613 + 2603. Give n(s).
-6
Let o(i) = -i**2 - 2. Let w(n) = -14 - 3 + n + 5 - 6. Let q be w(21). What is o(q)?
-11
Let i be -3 + -14 + 10 + 1. Let d(w) = w**3 + 8*w**2 - 4*w - 11. Determine d(i).
85
Let d = 99 + -33. Let t(f) = 5*f + 2*f - 5*f + 64 - d. Let w(v) = -v**2 + 10*v + 7. Let r be w(11). What is t(r)?
-10
Let v(y) = y**3 - 4*y**2 - 2*y - 3. Let d = 193 + -76. Let b = 20987 + -20874. Let i = d - b. What is v(i)?
-11
Suppose 2*f + 4 = 2*i + 2, 0 = -4*i + 5*f + 9. Let k(o) = -154 + 8*o - 4*o + 321 - 154. What is k(i)?
-3
Let i(z) = 11*z - 3. Let x(k) = k**3 - 33*k**2 + 32*k + 3. Let g be x(32). Suppose 2*t + 3 - 1 = 4*o, 9 = g*o + t. Calculate i(o).
19
Let p = -2131 - -2138. Let c(k) = -k**3 + 5*k**2 + 15*k + 3. Give c(p).
10
Let k(p) = -p**3 + 8*